hat is the hundreds digit of 656?
6
What is the tens digit of 2238?
3
What is the units digit of 3327?
7
What is the hundreds digit of 66279?
2
What is the units digit of 62475?
5
What is the thousands digit of 5246?
5
What is the thousands digit of 21473?
1
What is the tens digit of 8998?
9
What is the tens digit of 7561?
6
What is the hundreds digit of 419?
4
What is the hundreds digit of 9404?
4
What is the thousands digit of 4501?
4
What is the units digit of 1589?
9
What is the tens digit of 2891?
9
What is the tens digit of 1366?
6
What is the ten thousands digit of 17440?
1
What is the hundreds digit of 277?
2
What is the hundreds digit of 3913?
9
What is the units digit of 3844?
4
What is the tens digit of 9020?
2
What is the tens digit of 1366?
6
What is the tens digit of 850?
5
What is the ten thousands digit of 50132?
5
What is the ten thousands digit of 23388?
2
What is the thousands digit of 2885?
2
What is the hundreds digit of 907?
9
What is the hundreds digit of 5210?
2
What is the tens digit of 5763?
6
What is the hundreds digit of 5128?
1
What is the hundreds digit of 144?
1
What is the thousands digit of 11011?
1
What is the thousands digit of 3634?
3
What is the hundreds digit of 2614?
6
What is the tens digit of 170?
7
What is the units digit of 17?
7
What is the units digit of 158?
8
What is the hundreds digit of 1912?
9
What is the hundreds digit of 114415?
4
What is the tens digit of 4502?
0
What is the tens digit of 1889?
8
What is the hundreds digit of 363?
3
What is the units digit of 177?
7
What is the hundreds digit of 632?
6
What is the units digit of 10866?
6
What is the tens digit of 411?
1
What is the tens digit of 727?
2
What is the units digit of 5489?
9
What is the units digit of 68083?
3
What is the units digit of 485?
5
What is the hundreds digit of 1392?
3
What is the tens digit of 6575?
7
What is the units digit of 6175?
5
What is the hundreds digit of 1143?
1
What is the units digit of 17404?
4
What is the tens digit of 676?
7
What is the tens digit of 8275?
7
What is the hundreds digit of 32938?
9
What is the units digit of 42296?
6
What is the hundreds digit of 27986?
9
What is the thousands digit of 2720?
2
What is the ten thousands digit of 32034?
3
What is the hundreds digit of 13499?
4
What is the hundreds digit of 37563?
5
What is the tens digit of 2168?
6
What is the hundreds digit of 415?
4
What is the units digit of 932?
2
What is the thousands digit of 13893?
3
What is the hundreds digit of 475?
4
What is the tens digit of 20?
2
What is the thousands digit of 2275?
2
What is the thousands digit of 39300?
9
What is the hundreds digit of 1585?
5
What is the tens digit of 39?
3
What is the hundreds digit of 4323?
3
What is the tens digit of 956?
5
What is the ten thousands digit of 69314?
6
What is the tens digit of 545?
4
What is the tens digit of 862?
6
What is the hundreds digit of 7031?
0
What is the tens digit of 1214?
1
What is the tens digit of 1498?
9
What is the tens digit of 3758?
5
What is the hundreds digit of 17156?
1
What is the ten thousands digit of 13662?
1
What is the hundreds digit of 93377?
3
What is the units digit of 22261?
1
What is the units digit of 1290?
0
What is the tens digit of 152960?
6
What is the thousands digit of 5824?
5
What is the units digit of 8834?
4
What is the hundreds digit of 21778?
7
What is the tens digit of 27?
2
What is the thousands digit of 2644?
2
What is the units digit of 5215?
5
What is the thousands digit of 2671?
2
What is the tens digit of 3640?
4
What is the units digit of 19380?
0
What is the units digit of 890?
0
What is the hundreds digit of 65510?
5
What is the units digit of 71337?
7
What is the hundreds digit of 63507?
5
What is the units digit of 1468?
8
What is the tens digit of 16028?
2
What is the hundreds digit of 59333?
3
What is the thousands digit of 13477?
3
What is the units digit of 85451?
1
What is the units digit of 10609?
9
What is the tens digit of 9383?
8
What is the hundreds digit of 6443?
4
What is the hundreds digit of 29870?
8
What is the hundreds digit of 3659?
6
What is the units digit of 17087?
7
What is the tens digit of 1718?
1
What is the tens digit of 32?
3
What is the units digit of 9599?
9
What is the hundreds digit of 23314?
3
What is the units digit of 877?
7
What is the units digit of 3354?
4
What is the hundreds digit of 4579?
5
What is the tens digit of 2874?
7
What is the hundreds digit of 6786?
7
What is the tens digit of 67700?
0
What is the units digit of 920?
0
What is the tens digit of 14780?
8
What is the units digit of 423?
3
What is the units digit of 981?
1
What is the units digit of 1107?
7
What is the units digit of 30632?
2
What is the units digit of 128?
8
What is the tens digit of 7629?
2
What is the thousands digit of 3000?
3
What is the tens digit of 292?
9
What is the tens digit of 4595?
9
What is the units digit of 22456?
6
What is the units digit of 276?
6
What is the units digit of 906?
6
What is the tens digit of 9665?
6
What is the units digit of 7225?
5
What is the hundreds digit of 2321?
3
What is the units digit of 1672?
2
What is the tens digit of 4939?
3
What is the tens digit of 136979?
7
What is the hundreds digit of 3654?
6
What is the units digit of 1870?
0
What is the hundreds digit of 1568?
5
What is the ten thousands digit of 29147?
2
What is the tens digit of 2112?
1
What is the hundreds digit of 2601?
6
What is the hundreds digit of 149?
1
What is the tens digit of 55142?
4
What is the hundreds digit of 896?
8
What is the hundreds digit of 2741?
7
What is the hundreds digit of 131?
1
What is the thousands digit of 7121?
7
What is the ten thousands digit of 37490?
3
What is the hundreds digit of 5296?
2
What is the units digit of 3843?
3
What is the tens digit of 6179?
7
What is the hundreds digit of 7692?
6
What is the ten thousands digit of 64926?
6
What is the units digit of 1096?
6
What is the units digit of 2719?
9
What is the thousands digit of 2376?
2
What is the units digit of 1889?
9
What is the ten thousands digit of 19023?
1
What is the thousands digit of 3693?
3
What is the units digit of 1619?
9
What is the hundreds digit of 2872?
8
What is the hundreds digit of 139912?
9
What is the tens digit of 22757?
5
What is the hundreds digit of 1026?
0
What is the units digit of 501?
1
What is the ten thousands digit of 85905?
8
What is the tens digit of 8945?
4
What is the tens digit of 13785?
8
What is the thousands digit of 5765?
5
What is the units digit of 523?
3
What is the tens digit of 6582?
8
What is the tens digit of 74813?
1
What is the hundreds digit of 62278?
2
What is the hundreds digit of 5608?
6
What is the units digit of 8906?
6
What is the hundreds digit of 868?
8
What is the ten thousands digit of 54770?
5
What is the ten thousands digit of 88169?
8
What is the hundreds digit of 157959?
9
What is the hundreds digit of 49815?
8
What is the tens digit of 323?
2
What is the tens digit of 13414?
1
What is the thousands digit of 1693?
1
What is the units digit of 125319?
9
What is the units digit of 43448?
8
What is the tens digit of 620?
2
What is the hundreds digit of 3147?
1
What is the tens digit of 480?
8
What is the units digit of 777?
7
What is the hundreds digit of 33929?
9
What is the units digit of 69?
9
What is the hundreds digit of 1686?
6
What is the ten thousands digit of 26445?
2
What is the hundreds digit of 236?
2
What is the hundreds digit of 9620?
6
What is the tens digit of 82604?
0
What is the tens digit of 3934?
3
What is the units digit of 2300?
0
What is the tens digit of 792?
9
What is the ten thousands digit of 134706?
3
What is the tens digit of 1131?
3
What is the units digit of 37005?
5
What is the hundreds digit of 76624?
6
What is the ten thousands digit of 57889?
5
What is the tens digit of 996?
9
What is the units digit of 49091?
1
What is the thousands digit of 5373?
5
What is the units digit of 3120?
0
What is the units digit of 2320?
0
What is the units digit of 1469?
9
What is the ten thousands digit of 92081?
9
What is the hundreds digit of 11575?
5
What is the hundreds digit of 87845?
8
What is the thousands digit of 45247?
5
What is the tens digit of 345?
4
What is the hundreds digit of 71515?
5
What i